{"id":5764,"date":"2016-03-14T08:29:47","date_gmt":"2016-03-14T07:29:47","guid":{"rendered":"http:\/\/pzw1.slonsk.pl\/?page_id=5764"},"modified":"2017-12-18T19:56:29","modified_gmt":"2017-12-18T18:56:29","slug":"klasyfikacja-kat-splawikowej-na-2016-rok","status":"publish","type":"page","link":"https:\/\/pzw1.slonsk.pl\/?page_id=5764","title":{"rendered":"Klasyfikacja kat sp\u0142awikowej na 2017 rok"},"content":{"rendered":"<p>KLIKNIJ ABY POWI\u0118KSZY\u0106.<\/p>\n<p><a href=\"http:\/\/pzw1.slonsk.pl\/wp-content\/uploads\/2017\/10\/sp\u0142awik-2017-crop.jpg\"><img loading=\"lazy\" decoding=\"async\" class=\"aligncenter size-full wp-image-8049\" src=\"http:\/\/pzw1.slonsk.pl\/wp-content\/uploads\/2017\/10\/sp\u0142awik-2017-crop.jpg\" alt=\"\" width=\"800\" height=\"384\" srcset=\"https:\/\/pzw1.slonsk.pl\/wp-content\/uploads\/2017\/10\/sp\u0142awik-2017-crop.jpg 800w, https:\/\/pzw1.slonsk.pl\/wp-content\/uploads\/2017\/10\/sp\u0142awik-2017-crop-300x144.jpg 300w, https:\/\/pzw1.slonsk.pl\/wp-content\/uploads\/2017\/10\/sp\u0142awik-2017-crop-768x369.jpg 768w\" sizes=\"auto, (max-width: 800px) 100vw, 800px\" \/><\/a><\/p>\n","protected":false},"excerpt":{"rendered":"<p>KLIKNIJ ABY POWI\u0118KSZY\u0106.<\/p>\n","protected":false},"author":1,"featured_media":0,"parent":0,"menu_order":0,"comment_status":"closed","ping_status":"open","template":"","meta":{"footnotes":""},"class_list":["post-5764","page","type-page","status-publish","hentry","post"],"_links":{"self":[{"href":"https:\/\/pzw1.slonsk.pl\/index.php?rest_route=\/wp\/v2\/pages\/5764","targetHints":{"allow":["GET"]}}],"collection":[{"href":"https:\/\/pzw1.slonsk.pl\/index.php?rest_route=\/wp\/v2\/pages"}],"about":[{"href":"https:\/\/pzw1.slonsk.pl\/index.php?rest_route=\/wp\/v2\/types\/page"}],"author":[{"embeddable":true,"href":"https:\/\/pzw1.slonsk.pl\/index.php?rest_route=\/wp\/v2\/users\/1"}],"replies":[{"embeddable":true,"href":"https:\/\/pzw1.slonsk.pl\/index.php?rest_route=%2Fwp%2Fv2%2Fcomments&post=5764"}],"version-history":[{"count":15,"href":"https:\/\/pzw1.slonsk.pl\/index.php?rest_route=\/wp\/v2\/pages\/5764\/revisions"}],"predecessor-version":[{"id":8051,"href":"https:\/\/pzw1.slonsk.pl\/index.php?rest_route=\/wp\/v2\/pages\/5764\/revisions\/8051"}],"wp:attachment":[{"href":"https:\/\/pzw1.slonsk.pl\/index.php?rest_route=%2Fwp%2Fv2%2Fmedia&parent=5764"}],"curies":[{"name":"wp","href":"https:\/\/api.w.org\/{rel}","templated":true}]}}