{"id":4642,"date":"2015-04-05T12:52:26","date_gmt":"2015-04-05T10:52:26","guid":{"rendered":"http:\/\/pzw1.slonsk.pl\/?page_id=4642"},"modified":"2015-04-05T12:52:26","modified_gmt":"2015-04-05T10:52:26","slug":"klasyfikacja-seniorow-w-kat-splawikowej-2014-r","status":"publish","type":"page","link":"https:\/\/pzw1.slonsk.pl\/?page_id=4642","title":{"rendered":"Klasyfikacja senior\u00f3w w kat. sp\u0142awikowej 2014 r."},"content":{"rendered":"<p style=\"text-align: center;\"><strong>Kliknij aby powi\u0119kszy\u0107 tabel\u0119\u00a0<\/strong><\/p>\n<p>\u00a0<a href=\"http:\/\/pzw1.slonsk.pl\/wp-content\/uploads\/2013\/04\/klas_koncowa-sp\u0142awika20141.jpg\"><img loading=\"lazy\" decoding=\"async\" class=\"aligncenter wp-image-4529 size-medium\" src=\"http:\/\/pzw1.slonsk.pl\/wp-content\/uploads\/2013\/04\/klas_koncowa-sp\u0142awika20141-300x212.jpg\" alt=\"klas_koncowa sp\u0142awika2014\" width=\"300\" height=\"212\" srcset=\"https:\/\/pzw1.slonsk.pl\/wp-content\/uploads\/2013\/04\/klas_koncowa-sp\u0142awika20141-300x212.jpg 300w, https:\/\/pzw1.slonsk.pl\/wp-content\/uploads\/2013\/04\/klas_koncowa-sp\u0142awika20141-1024x724.jpg 1024w, https:\/\/pzw1.slonsk.pl\/wp-content\/uploads\/2013\/04\/klas_koncowa-sp\u0142awika20141.jpg 1600w\" sizes=\"auto, (max-width: 300px) 100vw, 300px\" \/><\/a><\/p>\n","protected":false},"excerpt":{"rendered":"<p>Kliknij aby powi\u0119kszy\u0107 tabel\u0119\u00a0 \u00a0<\/p>\n","protected":false},"author":1,"featured_media":0,"parent":0,"menu_order":0,"comment_status":"closed","ping_status":"open","template":"","meta":{"footnotes":""},"class_list":["post-4642","page","type-page","status-publish","hentry","post"],"_links":{"self":[{"href":"https:\/\/pzw1.slonsk.pl\/index.php?rest_route=\/wp\/v2\/pages\/4642","targetHints":{"allow":["GET"]}}],"collection":[{"href":"https:\/\/pzw1.slonsk.pl\/index.php?rest_route=\/wp\/v2\/pages"}],"about":[{"href":"https:\/\/pzw1.slonsk.pl\/index.php?rest_route=\/wp\/v2\/types\/page"}],"author":[{"embeddable":true,"href":"https:\/\/pzw1.slonsk.pl\/index.php?rest_route=\/wp\/v2\/users\/1"}],"replies":[{"embeddable":true,"href":"https:\/\/pzw1.slonsk.pl\/index.php?rest_route=%2Fwp%2Fv2%2Fcomments&post=4642"}],"version-history":[{"count":1,"href":"https:\/\/pzw1.slonsk.pl\/index.php?rest_route=\/wp\/v2\/pages\/4642\/revisions"}],"predecessor-version":[{"id":4644,"href":"https:\/\/pzw1.slonsk.pl\/index.php?rest_route=\/wp\/v2\/pages\/4642\/revisions\/4644"}],"wp:attachment":[{"href":"https:\/\/pzw1.slonsk.pl\/index.php?rest_route=%2Fwp%2Fv2%2Fmedia&parent=4642"}],"curies":[{"name":"wp","href":"https:\/\/api.w.org\/{rel}","templated":true}]}}