{"id":443,"date":"2013-04-19T22:39:37","date_gmt":"2013-04-19T20:39:37","guid":{"rendered":"http:\/\/pzw1.slonsk.pl\/?page_id=443"},"modified":"2014-06-27T18:24:49","modified_gmt":"2014-06-27T16:24:49","slug":"duuuza-ryba-2013","status":"publish","type":"page","link":"https:\/\/pzw1.slonsk.pl\/?page_id=443","title":{"rendered":"Duuu\u017ca ryba 2013"},"content":{"rendered":"<div id=\"attachment_3846\" style=\"width: 271px\" class=\"wp-caption aligncenter\"><a href=\"http:\/\/pzw1.slonsk.pl\/wp-content\/uploads\/2013\/04\/15.jpg\"><img loading=\"lazy\" decoding=\"async\" aria-describedby=\"caption-attachment-3846\" class=\"wp-image-3846 size-medium\" src=\"http:\/\/pzw1.slonsk.pl\/wp-content\/uploads\/2013\/04\/15-261x300.jpg\" alt=\"\" width=\"261\" height=\"300\" srcset=\"https:\/\/pzw1.slonsk.pl\/wp-content\/uploads\/2013\/04\/15-261x300.jpg 261w, https:\/\/pzw1.slonsk.pl\/wp-content\/uploads\/2013\/04\/15.jpg 350w\" sizes=\"auto, (max-width: 261px) 100vw, 261px\" \/><\/a><p id=\"caption-attachment-3846\" class=\"wp-caption-text\">na jeziorze: Radachowskim, kol. Wojciech Kostrzewa z\u0142owi\u0142 okonia o wymiarach: d\u0142.: 38cm, waga: 0,65kg,<\/p><\/div>\n<div id=\"attachment_3847\" style=\"width: 310px\" class=\"wp-caption aligncenter\"><a href=\"http:\/\/pzw1.slonsk.pl\/wp-content\/uploads\/2013\/04\/22.jpg\"><img loading=\"lazy\" decoding=\"async\" aria-describedby=\"caption-attachment-3847\" class=\"wp-image-3847 size-medium\" src=\"http:\/\/pzw1.slonsk.pl\/wp-content\/uploads\/2013\/04\/22-300x224.jpg\" alt=\"\" width=\"300\" height=\"224\" srcset=\"https:\/\/pzw1.slonsk.pl\/wp-content\/uploads\/2013\/04\/22-300x224.jpg 300w, https:\/\/pzw1.slonsk.pl\/wp-content\/uploads\/2013\/04\/22.jpg 350w\" sizes=\"auto, (max-width: 300px) 100vw, 300px\" \/><\/a><p id=\"caption-attachment-3847\" class=\"wp-caption-text\">na jeziorze: przepompowni kol. Adam Pi\u0105tek z\u0142owi\u0142 lina o wymiarach: d\u0142.: 57cm, waga: 3,20kg<\/p><\/div>\n<div id=\"attachment_3848\" style=\"width: 304px\" class=\"wp-caption aligncenter\"><a href=\"http:\/\/pzw1.slonsk.pl\/wp-content\/uploads\/2013\/04\/32.jpg\"><img loading=\"lazy\" decoding=\"async\" aria-describedby=\"caption-attachment-3848\" class=\"wp-image-3848 size-medium\" src=\"http:\/\/pzw1.slonsk.pl\/wp-content\/uploads\/2013\/04\/32-294x300.jpg\" alt=\"\" width=\"294\" height=\"300\" srcset=\"https:\/\/pzw1.slonsk.pl\/wp-content\/uploads\/2013\/04\/32-294x300.jpg 294w, https:\/\/pzw1.slonsk.pl\/wp-content\/uploads\/2013\/04\/32.jpg 350w\" sizes=\"auto, (max-width: 294px) 100vw, 294px\" \/><\/a><p id=\"caption-attachment-3848\" class=\"wp-caption-text\">na jeziorze: przepompowni kol. Adam Pi\u0105tek z\u0142owi\u0142 lina o wymiarach: d\u0142.: 48cm, waga: 2,20kg<\/p><\/div>\n<div id=\"attachment_3849\" style=\"width: 235px\" class=\"wp-caption aligncenter\"><a href=\"http:\/\/pzw1.slonsk.pl\/wp-content\/uploads\/2013\/04\/41.jpg\"><img loading=\"lazy\" decoding=\"async\" aria-describedby=\"caption-attachment-3849\" class=\"wp-image-3849 size-medium\" src=\"http:\/\/pzw1.slonsk.pl\/wp-content\/uploads\/2013\/04\/41-225x300.jpg\" alt=\"\" width=\"225\" height=\"300\" srcset=\"https:\/\/pzw1.slonsk.pl\/wp-content\/uploads\/2013\/04\/41-225x300.jpg 225w, https:\/\/pzw1.slonsk.pl\/wp-content\/uploads\/2013\/04\/41.jpg 350w\" sizes=\"auto, (max-width: 225px) 100vw, 225px\" \/><\/a><p id=\"caption-attachment-3849\" class=\"wp-caption-text\">przy Warcie na K\u0142opotowie, kol. Andrzej Polewski z\u0142owi\u0142 suma o wymiarach: d\u0142.: 138cm, waga: 17,5 kg,<\/p><\/div>\n<div id=\"attachment_3850\" style=\"width: 310px\" class=\"wp-caption aligncenter\"><a href=\"http:\/\/pzw1.slonsk.pl\/wp-content\/uploads\/2013\/04\/51.jpg\"><img loading=\"lazy\" decoding=\"async\" aria-describedby=\"caption-attachment-3850\" class=\"wp-image-3850 size-medium\" src=\"http:\/\/pzw1.slonsk.pl\/wp-content\/uploads\/2013\/04\/51-300x254.jpg\" alt=\"\" width=\"300\" height=\"254\" srcset=\"https:\/\/pzw1.slonsk.pl\/wp-content\/uploads\/2013\/04\/51-300x254.jpg 300w, https:\/\/pzw1.slonsk.pl\/wp-content\/uploads\/2013\/04\/51.jpg 350w\" sizes=\"auto, (max-width: 300px) 100vw, 300px\" \/><\/a><p id=\"caption-attachment-3850\" class=\"wp-caption-text\">na Kanale Szerokim, kol. J\u00f3zef Czerwi\u0144ski z\u0142owi\u0142 lina o wymiarach: d\u0142.: 43 cm, waga: 1,50kg,<\/p><\/div>\n<div id=\"attachment_3851\" style=\"width: 310px\" class=\"wp-caption aligncenter\"><a href=\"http:\/\/pzw1.slonsk.pl\/wp-content\/uploads\/2013\/04\/61.jpg\"><img loading=\"lazy\" decoding=\"async\" aria-describedby=\"caption-attachment-3851\" class=\"wp-image-3851 size-medium\" src=\"http:\/\/pzw1.slonsk.pl\/wp-content\/uploads\/2013\/04\/61-300x276.jpg\" alt=\"\" width=\"300\" height=\"276\" srcset=\"https:\/\/pzw1.slonsk.pl\/wp-content\/uploads\/2013\/04\/61-300x276.jpg 300w, https:\/\/pzw1.slonsk.pl\/wp-content\/uploads\/2013\/04\/61.jpg 350w\" sizes=\"auto, (max-width: 300px) 100vw, 300px\" \/><\/a><p id=\"caption-attachment-3851\" class=\"wp-caption-text\">na Kanale Szerokim, kol. J\u00f3zef Czerwi\u0144ski z\u0142owi\u0142 lina o wymiarach: d\u0142.: 48 cm, waga: 2,30kg<\/p><\/div>\n<div id=\"attachment_3852\" style=\"width: 261px\" class=\"wp-caption aligncenter\"><a href=\"http:\/\/pzw1.slonsk.pl\/wp-content\/uploads\/2013\/04\/71.jpg\"><img loading=\"lazy\" decoding=\"async\" aria-describedby=\"caption-attachment-3852\" class=\"wp-image-3852 size-medium\" src=\"http:\/\/pzw1.slonsk.pl\/wp-content\/uploads\/2013\/04\/71-251x300.jpg\" alt=\"\" width=\"251\" height=\"300\" srcset=\"https:\/\/pzw1.slonsk.pl\/wp-content\/uploads\/2013\/04\/71-251x300.jpg 251w, https:\/\/pzw1.slonsk.pl\/wp-content\/uploads\/2013\/04\/71.jpg 350w\" sizes=\"auto, (max-width: 251px) 100vw, 251px\" \/><\/a><p id=\"caption-attachment-3852\" class=\"wp-caption-text\">kol. Jerzy Wo\u0142od\u017ako na rzece Postomi za 4 mostem z\u0142owi\u0142 szczupaka o wymiarach: d\u0142. 86 cm i waga 4,40 kg<\/p><\/div>\n<div id=\"attachment_3853\" style=\"width: 310px\" class=\"wp-caption aligncenter\"><a href=\"http:\/\/pzw1.slonsk.pl\/wp-content\/uploads\/2013\/04\/81.jpg\"><img loading=\"lazy\" decoding=\"async\" aria-describedby=\"caption-attachment-3853\" class=\"wp-image-3853 size-medium\" src=\"http:\/\/pzw1.slonsk.pl\/wp-content\/uploads\/2013\/04\/81-300x253.jpg\" alt=\"\" width=\"300\" height=\"253\" srcset=\"https:\/\/pzw1.slonsk.pl\/wp-content\/uploads\/2013\/04\/81-300x253.jpg 300w, https:\/\/pzw1.slonsk.pl\/wp-content\/uploads\/2013\/04\/81.jpg 350w\" sizes=\"auto, (max-width: 300px) 100vw, 300px\" \/><\/a><p id=\"caption-attachment-3853\" class=\"wp-caption-text\">na rzece Postomi za stacj\u0105, kol. Stanis\u0142aw \u017bo\u0142y\u0144ski z\u0142owi\u0142 karpia sazana pe\u0142no\u0142uskiego o wymiarach: d\u0142.: 75 cm, waga: 6,90 kg,<\/p><\/div>\n<div id=\"attachment_3854\" style=\"width: 234px\" class=\"wp-caption aligncenter\"><a href=\"http:\/\/pzw1.slonsk.pl\/wp-content\/uploads\/2013\/04\/91.jpg\"><img loading=\"lazy\" decoding=\"async\" aria-describedby=\"caption-attachment-3854\" class=\"wp-image-3854 size-medium\" src=\"http:\/\/pzw1.slonsk.pl\/wp-content\/uploads\/2013\/04\/91-224x300.jpg\" alt=\"\" width=\"224\" height=\"300\" srcset=\"https:\/\/pzw1.slonsk.pl\/wp-content\/uploads\/2013\/04\/91-224x300.jpg 224w, https:\/\/pzw1.slonsk.pl\/wp-content\/uploads\/2013\/04\/91.jpg 350w\" sizes=\"auto, (max-width: 224px) 100vw, 224px\" \/><\/a><p id=\"caption-attachment-3854\" class=\"wp-caption-text\">na rzece Postomi &#8211; Betonka kol. Miros\u0142aw Olszacki z\u0142owi\u0142 karpia sazana o wymiarach: d\u0142.: 76 cm, waga: 12,5 kg<\/p><\/div>\n<div id=\"attachment_3855\" style=\"width: 238px\" class=\"wp-caption aligncenter\"><a href=\"http:\/\/pzw1.slonsk.pl\/wp-content\/uploads\/2013\/04\/101.jpg\"><img loading=\"lazy\" decoding=\"async\" aria-describedby=\"caption-attachment-3855\" class=\"wp-image-3855 size-medium\" src=\"http:\/\/pzw1.slonsk.pl\/wp-content\/uploads\/2013\/04\/101-228x300.jpg\" alt=\"\" width=\"228\" height=\"300\" srcset=\"https:\/\/pzw1.slonsk.pl\/wp-content\/uploads\/2013\/04\/101-228x300.jpg 228w, https:\/\/pzw1.slonsk.pl\/wp-content\/uploads\/2013\/04\/101.jpg 350w\" sizes=\"auto, (max-width: 228px) 100vw, 228px\" \/><\/a><p id=\"caption-attachment-3855\" class=\"wp-caption-text\">Micha\u0142 Trocka na rzece Odrze z\u0142owi\u0142 leszcza o wymiarach: d\u0142.: 63 cm, waga: 3 kg,<\/p><\/div>\n<div id=\"attachment_3856\" style=\"width: 310px\" class=\"wp-caption aligncenter\"><a href=\"http:\/\/pzw1.slonsk.pl\/wp-content\/uploads\/2013\/04\/112.jpg\"><img loading=\"lazy\" decoding=\"async\" aria-describedby=\"caption-attachment-3856\" class=\"wp-image-3856 size-medium\" src=\"http:\/\/pzw1.slonsk.pl\/wp-content\/uploads\/2013\/04\/112-300x225.jpg\" alt=\"\" width=\"300\" height=\"225\" srcset=\"https:\/\/pzw1.slonsk.pl\/wp-content\/uploads\/2013\/04\/112-300x225.jpg 300w, https:\/\/pzw1.slonsk.pl\/wp-content\/uploads\/2013\/04\/112.jpg 350w\" sizes=\"auto, (max-width: 300px) 100vw, 300px\" \/><\/a><p id=\"caption-attachment-3856\" class=\"wp-caption-text\">Stanis\u0142aw \u017belezi\u0144ski na kanale z\u0142owi\u0142 szczupaka o wymiarach: d\u0142.: 68 cm, waga: 2,65 kg,<\/p><\/div>\n<div id=\"attachment_3857\" style=\"width: 310px\" class=\"wp-caption aligncenter\"><a href=\"http:\/\/pzw1.slonsk.pl\/wp-content\/uploads\/2013\/04\/121.jpg\"><img loading=\"lazy\" decoding=\"async\" aria-describedby=\"caption-attachment-3857\" class=\"wp-image-3857 size-medium\" src=\"http:\/\/pzw1.slonsk.pl\/wp-content\/uploads\/2013\/04\/121-300x276.jpg\" alt=\"\" width=\"300\" height=\"276\" srcset=\"https:\/\/pzw1.slonsk.pl\/wp-content\/uploads\/2013\/04\/121-300x276.jpg 300w, https:\/\/pzw1.slonsk.pl\/wp-content\/uploads\/2013\/04\/121.jpg 350w\" sizes=\"auto, (max-width: 300px) 100vw, 300px\" \/><\/a><p id=\"caption-attachment-3857\" class=\"wp-caption-text\">Boles\u0142aw Szawli\u0144ski z\u0142owi\u0142 na Postomii lina 2.05kg d\u0142ugo\u015bci 52cm<\/p><\/div>\n<div id=\"attachment_3858\" style=\"width: 310px\" class=\"wp-caption aligncenter\"><a href=\"http:\/\/pzw1.slonsk.pl\/wp-content\/uploads\/2013\/04\/131.jpg\"><img loading=\"lazy\" decoding=\"async\" aria-describedby=\"caption-attachment-3858\" class=\"wp-image-3858 size-medium\" src=\"http:\/\/pzw1.slonsk.pl\/wp-content\/uploads\/2013\/04\/131-300x260.jpg\" alt=\"\" width=\"300\" height=\"260\" srcset=\"https:\/\/pzw1.slonsk.pl\/wp-content\/uploads\/2013\/04\/131-300x260.jpg 300w, https:\/\/pzw1.slonsk.pl\/wp-content\/uploads\/2013\/04\/131.jpg 350w\" sizes=\"auto, (max-width: 300px) 100vw, 300px\" \/><\/a><p id=\"caption-attachment-3858\" class=\"wp-caption-text\">na Betonce Jan Krzy\u017canowski z\u0142owi\u0142 karpia o wymiarach 77 cm d\u0142 i 7,5 kg<\/p><\/div>\n<div id=\"attachment_3859\" style=\"width: 310px\" class=\"wp-caption aligncenter\"><a href=\"http:\/\/pzw1.slonsk.pl\/wp-content\/uploads\/2013\/04\/141.jpg\"><img loading=\"lazy\" decoding=\"async\" aria-describedby=\"caption-attachment-3859\" class=\"wp-image-3859 size-medium\" src=\"http:\/\/pzw1.slonsk.pl\/wp-content\/uploads\/2013\/04\/141-300x215.jpg\" alt=\"\" width=\"300\" height=\"215\" srcset=\"https:\/\/pzw1.slonsk.pl\/wp-content\/uploads\/2013\/04\/141-300x215.jpg 300w, https:\/\/pzw1.slonsk.pl\/wp-content\/uploads\/2013\/04\/141.jpg 350w\" sizes=\"auto, (max-width: 300px) 100vw, 300px\" \/><\/a><p id=\"caption-attachment-3859\" class=\"wp-caption-text\">na Kanale Szerokim Leszek Cieciura z\u0142owi\u0142 szczupaka o wymiarach 83 cm d\u0142. 4,62 kg<\/p><\/div>\n<div id=\"attachment_3860\" style=\"width: 310px\" class=\"wp-caption aligncenter\"><a href=\"http:\/\/pzw1.slonsk.pl\/wp-content\/uploads\/2013\/04\/151.jpg\"><img loading=\"lazy\" decoding=\"async\" aria-describedby=\"caption-attachment-3860\" class=\"wp-image-3860 size-medium\" src=\"http:\/\/pzw1.slonsk.pl\/wp-content\/uploads\/2013\/04\/151-300x228.jpg\" alt=\"\" width=\"300\" height=\"228\" srcset=\"https:\/\/pzw1.slonsk.pl\/wp-content\/uploads\/2013\/04\/151-300x228.jpg 300w, https:\/\/pzw1.slonsk.pl\/wp-content\/uploads\/2013\/04\/151.jpg 350w\" sizes=\"auto, (max-width: 300px) 100vw, 300px\" \/><\/a><p id=\"caption-attachment-3860\" class=\"wp-caption-text\">na Kanale Szerokim Micha\u0142 Jaworski z\u0142owi\u0142 szczupaka o wymiarach 82 cm d\u0142 i 4,20 kg<\/p><\/div>\n<div id=\"attachment_3861\" style=\"width: 310px\" class=\"wp-caption aligncenter\"><a href=\"http:\/\/pzw1.slonsk.pl\/wp-content\/uploads\/2013\/04\/16.jpg\"><img loading=\"lazy\" decoding=\"async\" aria-describedby=\"caption-attachment-3861\" class=\"wp-image-3861 size-medium\" src=\"http:\/\/pzw1.slonsk.pl\/wp-content\/uploads\/2013\/04\/16-300x218.jpg\" alt=\"\" width=\"300\" height=\"218\" srcset=\"https:\/\/pzw1.slonsk.pl\/wp-content\/uploads\/2013\/04\/16-300x218.jpg 300w, https:\/\/pzw1.slonsk.pl\/wp-content\/uploads\/2013\/04\/16.jpg 350w\" sizes=\"auto, (max-width: 300px) 100vw, 300px\" \/><\/a><p id=\"caption-attachment-3861\" class=\"wp-caption-text\">na Kanale Szerokim pan Leszek Gramsa z\u0142owi\u0142 szczupaka o wymiarach 93 cm d\u0142 i 6,570 kg<\/p><\/div>\n<div id=\"attachment_3862\" style=\"width: 310px\" class=\"wp-caption aligncenter\"><a href=\"http:\/\/pzw1.slonsk.pl\/wp-content\/uploads\/2013\/04\/17.jpg\"><img loading=\"lazy\" decoding=\"async\" aria-describedby=\"caption-attachment-3862\" class=\"wp-image-3862 size-medium\" src=\"http:\/\/pzw1.slonsk.pl\/wp-content\/uploads\/2013\/04\/17-300x253.jpg\" alt=\"\" width=\"300\" height=\"253\" srcset=\"https:\/\/pzw1.slonsk.pl\/wp-content\/uploads\/2013\/04\/17-300x253.jpg 300w, https:\/\/pzw1.slonsk.pl\/wp-content\/uploads\/2013\/04\/17.jpg 350w\" sizes=\"auto, (max-width: 300px) 100vw, 300px\" \/><\/a><p id=\"caption-attachment-3862\" class=\"wp-caption-text\">na Kanale Szerokim pan Przemys\u0142aw Jaworski z\u0142owi\u0142 szczupaka o wymiarach 95 cm d\u0142 i 7,10 kg<\/p><\/div>\n<div id=\"attachment_3863\" style=\"width: 310px\" class=\"wp-caption aligncenter\"><a href=\"http:\/\/pzw1.slonsk.pl\/wp-content\/uploads\/2013\/04\/18.jpg\"><img loading=\"lazy\" decoding=\"async\" aria-describedby=\"caption-attachment-3863\" class=\"wp-image-3863 size-medium\" src=\"http:\/\/pzw1.slonsk.pl\/wp-content\/uploads\/2013\/04\/18-300x257.jpg\" alt=\"\" width=\"300\" height=\"257\" srcset=\"https:\/\/pzw1.slonsk.pl\/wp-content\/uploads\/2013\/04\/18-300x257.jpg 300w, https:\/\/pzw1.slonsk.pl\/wp-content\/uploads\/2013\/04\/18.jpg 350w\" sizes=\"auto, (max-width: 300px) 100vw, 300px\" \/><\/a><p id=\"caption-attachment-3863\" class=\"wp-caption-text\">na Kanale Szerokim pan Krzysztof Paliwoda z\u0142owi\u0142 szczupaka o wymiarach 97 cm d\u0142 i 7,90 kg.<\/p><\/div>\n<div id=\"attachment_3864\" style=\"width: 310px\" class=\"wp-caption aligncenter\"><a href=\"http:\/\/pzw1.slonsk.pl\/wp-content\/uploads\/2013\/04\/19.jpg\"><img loading=\"lazy\" decoding=\"async\" aria-describedby=\"caption-attachment-3864\" class=\"wp-image-3864 size-medium\" src=\"http:\/\/pzw1.slonsk.pl\/wp-content\/uploads\/2013\/04\/19-300x228.jpg\" alt=\"\" width=\"300\" height=\"228\" srcset=\"https:\/\/pzw1.slonsk.pl\/wp-content\/uploads\/2013\/04\/19-300x228.jpg 300w, https:\/\/pzw1.slonsk.pl\/wp-content\/uploads\/2013\/04\/19.jpg 350w\" sizes=\"auto, (max-width: 300px) 100vw, 300px\" \/><\/a><p id=\"caption-attachment-3864\" class=\"wp-caption-text\">na Kanale Szerokim kol. Wojciech Pryputniewicz z\u0142owi\u0142 szczupaka o wymiarach 84 cm d\u0142 i 4,90 kg<\/p><\/div>\n<p>&nbsp;<\/p>\n","protected":false},"excerpt":{"rendered":"<p>&nbsp;<\/p>\n","protected":false},"author":1,"featured_media":0,"parent":236,"menu_order":2,"comment_status":"closed","ping_status":"open","template":"","meta":{"footnotes":""},"class_list":["post-443","page","type-page","status-publish","hentry","post"],"_links":{"self":[{"href":"https:\/\/pzw1.slonsk.pl\/index.php?rest_route=\/wp\/v2\/pages\/443","targetHints":{"allow":["GET"]}}],"collection":[{"href":"https:\/\/pzw1.slonsk.pl\/index.php?rest_route=\/wp\/v2\/pages"}],"about":[{"href":"https:\/\/pzw1.slonsk.pl\/index.php?rest_route=\/wp\/v2\/types\/page"}],"author":[{"embeddable":true,"href":"https:\/\/pzw1.slonsk.pl\/index.php?rest_route=\/wp\/v2\/users\/1"}],"replies":[{"embeddable":true,"href":"https:\/\/pzw1.slonsk.pl\/index.php?rest_route=%2Fwp%2Fv2%2Fcomments&post=443"}],"version-history":[{"count":9,"href":"https:\/\/pzw1.slonsk.pl\/index.php?rest_route=\/wp\/v2\/pages\/443\/revisions"}],"predecessor-version":[{"id":3911,"href":"https:\/\/pzw1.slonsk.pl\/index.php?rest_route=\/wp\/v2\/pages\/443\/revisions\/3911"}],"up":[{"embeddable":true,"href":"https:\/\/pzw1.slonsk.pl\/index.php?rest_route=\/wp\/v2\/pages\/236"}],"wp:attachment":[{"href":"https:\/\/pzw1.slonsk.pl\/index.php?rest_route=%2Fwp%2Fv2%2Fmedia&parent=443"}],"curies":[{"name":"wp","href":"https:\/\/api.w.org\/{rel}","templated":true}]}}